 - 3*h + 5*o. Let b = -7 + 28. Let g = b + h. What are the prime factors of g?
13
Let b(t) = 37 - 3*t - 92 + 33. What are the prime factors of b(-26)?
2, 7
List the prime factors of ((-28)/(-7))/(-3 - (-734)/244).
2, 61
Let z(b) = -21*b**3 + 2*b**2 - 3*b - 3. Let s(x) = x**3 + 18*x**2 - x - 20. Let p be s(-18). What are the prime factors of z(p)?
179
Let u(j) be the first derivative of j**3/3 + 7*j**2/2 + 3*j + 5. Let w be u(-7). Let n(f) = 6*f - 4. List the prime factors of n(w).
2, 7
Let f be 544/(-20) - 1/(-5). Let j = 7 - f. What are the prime factors of j?
2, 17
Suppose 0 = 5*u - m + 62, 0*u - 2*m + 33 = -3*u. Let o = -9 - u. Let k(t) = -t**3 + 5*t**2 - t - 2. List the prime factors of k(o).
2, 5
List the prime factors of 17991/11 + 1 + 876/(-1606).
2, 409
Suppose -3*o = 0, o = -2*l + 7*l + 80. What are the prime factors of (l/10)/(16/(-120))?
2, 3
Let x(f) = -f**3 + 6*f**2 - 3*f. Let c be x(5). Let m = c - 13. List the prime factors of 34*m/(-12)*2.
17
Let j = 9 - 9. Suppose 16*h - 18*h + 78 = j. List the prime factors of h.
3, 13
Let u(s) = -s**2 + 14*s + 4. Let i be u(8). Suppose 0 = -6*g + 10*g - i. List the prime factors of (3 - g)/(2/(-3)).
3, 5
Suppose 3*p + 396 = 7*p. List the prime factors of p.
3, 11
Suppose -6*y + y + 10 = 0. Let n(p) = y*p**2 - 3 + 0 + 0 + p + 0*p**2. What are the prime factors of n(-4)?
5
Let o(g) = -g**2 - g + 12. Let n be o(0). Let y(t) = -t**3 + 13*t**2 - 4*t - 8. Let r be y(n). Suppose -3*c - c = -r. List the prime factors of c.
2, 11
Let t(f) be the second derivative of -4/3*f**3 + 1/2*f**4 + 1/20*f**5 + 0 + 5/2*f**2 + 2*f. List the prime factors of t(-7).
2, 3
Suppose -u - 16 = 5*x, 2*u + 5 = -3*u. Let n(h) = -28 - 4*h - 28 + 56. List the prime factors of n(x).
2, 3
Suppose 0 = 20*j - 44991 + 3031. List the prime factors of j.
2, 1049
Let y be 130*(1 + -2 - -1 - -7). Suppose -6*i + 720 = 4*j - 2*i, -y = -5*j - 3*i. What are the prime factors of j?
5, 37
Let b be (-1 - -3)/(2/8) + 1. Suppose -s + b = -17. What are the prime factors of s?
2, 13
Suppose 7*r - 9*r + 68 = 0. Suppose -7*g - r = -475. What are the prime factors of g?
3, 7
Let w = 2871 + -1725. What are the prime factors of w?
2, 3, 191
Let f(r) = 17*r + 13. Let a be f(-10). Let n = 287 + a. List the prime factors of n.
2, 5, 13
Let h(a) = 590*a + 355. List the prime factors of h(5).
5, 661
Let v(o) = o**2 + 3*o - 3. Let a be v(-5). Let g(x) = 35*x - 77*x + 41*x - 9 + 26. List the prime factors of g(a).
2, 5
Let u = 22 + -27. Let i(y) = 3*y - 3. Let c(f) = 2*f - 3. Let j(l) = 5*c(l) - 4*i(l). List the prime factors of j(u).
7
Let d(v) = -v + 26. Let o(f) = 3*f - 78. Let w(l) = -8*d(l) - 3*o(l). Let h be 0/(-3 - -6 - 5). List the prime factors of w(h).
2, 13
Suppose -5*d - 4*o = -7891, 23*d - 4734 = 20*d - 3*o. List the prime factors of d.
1579
Let v = 28 + -22. Let t(r) = 18*r - 5. What are the prime factors of t(v)?
103
Suppose 6*o - 3832 = -1072. List the prime factors of o.
2, 5, 23
Let w(u) = -5*u - 42. Let y(h) = 6*h + 43. Let i(b) = -4*w(b) - 3*y(b). What are the prime factors of i(16)?
71
Let c(w) = w**3 - 9*w**2 - 10*w + 4. Let b be 1 - (-4 + 0 - -3). Suppose 2*q = -b*q + 40. What are the prime factors of c(q)?
2
Let v(x) = 30*x**2 - x + 1. Let k be v(1). Suppose -4*a + 10*a = k. Suppose -98 - 127 = -a*n. What are the prime factors of n?
3, 5
Suppose -5*i + 3 = 5*a + 13, 16 = -3*a - i. Let b(k) = -136 - 15*k + 3*k + 6*k + 125. What are the prime factors of b(a)?
31
Suppose 31 = 3*p - 2*j, -4*p - 2*j + 60 = -0*p. Suppose -32*i + 37*i = 90. Let w = p + i. What are the prime factors of w?
31
What are the prime factors of (-2)/10 + (-19928)/(-40)?
2, 3, 83
Suppose 4*w - 5 = -1, -4*b - w = 19. Let m(u) = -6*u + 6. Let r be m(b). Suppose -4*q = 3*j - 83, 4*q + 5*j - 57 = r. List the prime factors of q.
17
Let p = 443 - -359. List the prime factors of p.
2, 401
Suppose -3*o + 60 = -45. Let w = o + 36. List the prime factors of w.
71
Suppose -7 = 7*s - 1190. What are the prime factors of s?
13
Let p = -334 + 729. What are the prime factors of p?
5, 79
Suppose -11*l + 11376 + 1076 = 0. List the prime factors of l.
2, 283
List the prime factors of 7269*2*((-210)/36 - -6).
2423
Let a(v) = 5*v + 8. Let w be a(13). Let m = 187 - w. Suppose 0 = -5*p + 2*p + m. What are the prime factors of p?
2, 19
List the prime factors of (54/(-8))/((-12)/800).
2, 3, 5
Let t be 356*((-1)/5 - 77/140). Let d = t - -414. What are the prime factors of d?
3, 7
Let t(v) = v**2 - 2 + 1 + 3*v - v + v**3 - 2*v**3. Let f be t(2). Let g(d) = -11*d**3 + d**2 + 2*d + 1. What are the prime factors of g(f)?
11
Suppose 4*w = 2*w + 8. Let i be w/(3 + -1 + -4). Let m(k) = -9*k - 4. What are the prime factors of m(i)?
2, 7
Let h(y) = 5*y**2 + 11*y + 36. List the prime factors of h(-4).
2, 3
Suppose -v + 5 = 4*u, -7*u - 4*v + 20 = -3*u. What are the prime factors of 34 + (-5)/(-5) - (u - -3)?
2
Suppose -13*b = 637 - 3809. List the prime factors of b.
2, 61
Let i = 32 + -23. Suppose i*v = 7*v + 76. List the prime factors of v.
2, 19
Let f(u) = 19*u + 13. Let x(q) = -4*q - 34. Let w be x(-10). List the prime factors of f(w).
127
Let u = 230 + -65. What are the prime factors of u?
3, 5, 11
Let s = -571 - -1469. What are the prime factors of s?
2, 449
Let a = -528 + 3070. What are the prime factors of a?
2, 31, 41
Let f(a) = -48*a**3 + 13*a**2 - 3. Let n(k) = -32*k**3 + 9*k**2 - 2. Let p(v) = -5*f(v) + 7*n(v). What are the prime factors of p(2)?
11
Let b = 185 + -96. Let h = b - 39. What are the prime factors of h?
2, 5
Let q(z) = -4*z**3 + 5*z**2 - 7*z - 19. What are the prime factors of q(-5)?
641
Let r = 1305 - 648. What are the prime factors of r?
3, 73
Let q(i) = 8*i + 21. Let a be q(-14). Let y = -156 - -96. Let v = y - a. List the prime factors of v.
31
Suppose -2*c + 3*c - 45 = 0. Suppose -3*z + c = 15. Suppose 0*h - 2*h + z = 2*o, 4*o - 32 = 2*h. List the prime factors of o.
7
Suppose 86*i - 90*i = -16. Suppose -i*k + 468 = p, 5*k - 5*p + 8*p - 585 = 0. What are the prime factors of k?
3, 13
Let b(l) = -l**3 + 5*l**2 - 4*l + 3. Let g be b(4). Let o = 191 - g. Suppose 0 = -4*h - 5*a + 164, -4*h + 0*a = -a - o. List the prime factors of h.
2, 23
Let a = -27 - -31. Suppose -y - 5*f + 13 = 0, a = 4*y - 5*f + 2. What are the prime factors of 5/((-56)/20 + y)?
5
Suppose 73 - 3 = 5*u. Suppose -u = -2*y - 2*p, 0 = -5*y - 3*p + 27 + 4. Suppose 193 = 5*t + 4*i, 4*i = -5*t + y*i + 208. List the prime factors of t.
41
Let p(m) = -2*m - 4510 + 4794 + m. List the prime factors of p(0).
2, 71
Suppose 3*n - 2*i = -2*n + 1051, -4*n + 4*i = -848. List the prime factors of n.
11, 19
Let w(x) = 54*x - 273. What are the prime factors of w(17)?
3, 5, 43
Suppose -2445 = 68*z - 73*z. Suppose -2*d + z = 11. What are the prime factors of d?
239
Let f(d) = 1 - d - d + d. Let a = -13 + 1. What are the prime factors of f(a)?
13
Suppose -2*s + 4*s = 0. Suppose -4*n - 3*x = 2*x - 132, s = x. What are the prime factors of n?
3, 11
Let v(u) be the second derivative of 2*u**2 + 0 - 1/12*u**4 - 5/3*u**3 + 4*u. What are the prime factors of v(-10)?
2
Let b(p) = 6*p**3 + 81*p**2 + 19*p - 100. Let m(n) = -n**3 - 16*n**2 - 4*n + 20. Let j(q) = -2*b(q) - 11*m(q). What are the prime factors of j(14)?
2
Suppose -u = 33 - 292. What are the prime factors of u?
7, 37
Let i be 1/(-7) - (-850)/70. Suppose -i = -u - 3*u. What are the prime factors of u?
3
Suppose 200 = 5*s + 4*c, 7*s = 2*s + 5*c + 200. Let q = 41 + s. List the prime factors of q.
3
Suppose -312 = 9*g + 138. Let o = g - -100. List the prime factors of o.
2, 5
Let n(h) be the second derivative of -h**5/10 + 17*h**4/12 + 8*h**3/3 - 6*h**2 + 2*h + 7. List the prime factors of n(8).
2, 3, 5
Let d(x) = x**3 + 8*x**2 - x + 8. Suppose -2*h - 2*h - 2 = -3*i, 4*i - 2*h + 14 = 0. List the prime factors of d(i).
2, 43
Let f be (0 + (3 - -2))/(1/(-67)). Let b = -235 - f. What are the prime factors of b?
2, 5
Let r(g) = -g**3 - 7*g**2 - 3*g + 2. Let o be r(-5). Let h = o + 93. List the prime factors of ((-40)/25 + 2)*h.
2, 3
Suppose -a + 2*q + 0 = 4, 4*q = a. Let u be (-518)/(-74) + (-8)/(-2). Let w = u + a. What are the prime factors of w?
3
Let p be 29 + (-3 - 1) + -1. Let k = -32 + p. Let d = 34 + k. What are the prime factors of d?
2, 13
Suppose -14 = 3*t + 4*f, -f